{"id":70,"date":"2025-07-21T17:02:49","date_gmt":"2025-07-21T17:02:49","guid":{"rendered":"https:\/\/hotel-vieille-etable.com\/?page_id=70"},"modified":"2025-07-21T17:02:58","modified_gmt":"2025-07-21T17:02:58","slug":"les-sejours-de-la-vieille-etable","status":"publish","type":"page","link":"https:\/\/hotel-vieille-etable.com\/sejours.html","title":{"rendered":"Les s\u00e9jours de La Vieille Etable"},"content":{"rendered":"\n<h3 class=\"wp-block-heading has-text-align-center\"><strong>Les formules s\u00e9jours sont valables toute l&#8217;ann\u00e9e sauf le 24, 25 et 31 d\u00e9cembre ainsi que le 1er janvier<\/strong><\/h3>\n\n\n\n<div class=\"wp-block-columns is-layout-flex wp-container-core-columns-is-layout-28f84493 wp-block-columns-is-layout-flex\">\n<div class=\"wp-block-column is-layout-flow wp-block-column-is-layout-flow\">\n<p><strong>Escapade Romantique \u00e0 130 \u20ac par personne<\/strong><\/p>\n\n\n\n<p>Le temps d&#8217;un week-end en amoureux, d\u00e9couvrez tout le charme et la douceur de notre maison.<br>Vous serez s\u00e9duits par le romantisme des lieux et la s\u00e9r\u00e9nit\u00e9 que vous en retirerez.<br>Profitez d&#8217;une nuit en chambre sup\u00e9rieur et d&#8217;un d\u00eener romantique.<br>A votre arriv\u00e9e un bouquet de fleur et deux coupes de champagne vous attendront.<br>Petit d\u00e9jeuner inclus<\/p>\n\n\n\n<p><br><strong>Pause Charentaise \u00e0 100 \u20ac par personne<\/strong><\/p>\n\n\n\n<p>Dans un cadre de verdure, venez-vous d\u00e9tendre ou d\u00e9couvrir la Charente pour une nuit en chambre sup\u00e9rieur et profiter d&#8217;un d\u00eener gastronomique.<br>Vous b\u00e9n\u00e9ficierez d&#8217;un verre de pineau lors de votre arriv\u00e9e. Petit d\u00e9jeuner inclus<\/p>\n<\/div>\n\n\n\n<div class=\"wp-block-column is-layout-flow wp-block-column-is-layout-flow\">\n<p><strong>Balade en Nature chambre classique \u00e0 60 \u20ac par personne<br>Balade en Nature chambre sup\u00e9rieur &nbsp;\u00e0 80 \u20ac par personne<\/strong><\/p>\n\n\n\n<p>Venez d\u00e9couvrir la campagne charentaise \u00e0 v\u00e9lo et profitez d&#8217;un pic-nic pr\u00e9parer sp\u00e9cialement pour vous. Le confort de votre chambre vous fera r\u00e9cup\u00e9rer de la journ\u00e9e pass\u00e9 en plein air.<\/p>\n\n\n\n<p>Petit d\u00e9jeuner inclus<br><strong><br>Forfait Famille &nbsp;<\/strong>valable pour 4 personnes<\/p>\n\n\n\n<p>Partez en famille d\u00e9couvrir les charmes que la Charente a \u00e0 vous offrir afin de profiter de chaque membre de votre famille.<br>Les petits d\u00e9jeuner ainsi qu&#8217;un des lit suppl\u00e9mentaire vous seront offert<\/p>\n\n\n\n<p>Valable en chambre Deluxe ou Suite<br><br><strong>Offre long Week-end<br><\/strong>Pour 2 nuits d&#8217;acheter, la troisi\u00e8me vous est offerte<\/p>\n<\/div>\n<\/div>\n","protected":false},"excerpt":{"rendered":"<p>Les formules s\u00e9jours sont valables toute l&#8217;ann\u00e9e sauf le 24, 25 et 31 d\u00e9cembre ainsi que le 1er janvier Escapade Romantique \u00e0 130 \u20ac par personne Le temps d&#8217;un week-end en amoureux, d\u00e9couvrez tout le charme et la douceur de notre maison.Vous serez s\u00e9duits par le romantisme des lieux et la s\u00e9r\u00e9nit\u00e9 que vous en [&hellip;]<\/p>\n","protected":false},"author":1,"featured_media":0,"parent":0,"menu_order":0,"comment_status":"closed","ping_status":"closed","template":"","meta":{"footnotes":""},"class_list":["post-70","page","type-page","status-publish","hentry"],"yoast_head":"<!-- This site is optimized with the Yoast SEO plugin v25.6 - https:\/\/yoast.com\/wordpress\/plugins\/seo\/ -->\n<title>Les s\u00e9jours de La Vieille Etable - Hotel Restaurant &quot;La Vieille Etable&quot; \u00e0 Roullet vers Angouleme en Charente<\/title>\n<meta name=\"description\" content=\"Le temps d&#039;un week-end en amoureux, d\u00e9couvrez tout le charme et la douceur de notre maison.\" \/>\n<meta name=\"robots\" content=\"index, follow, max-snippet:-1, max-image-preview:large, max-video-preview:-1\" \/>\n<link rel=\"canonical\" href=\"https:\/\/hotel-vieille-etable.com\/sejours.html\" \/>\n<meta property=\"og:locale\" content=\"en_US\" \/>\n<meta property=\"og:type\" content=\"article\" \/>\n<meta property=\"og:title\" content=\"Les s\u00e9jours de La Vieille Etable - Hotel Restaurant &quot;La Vieille Etable&quot; \u00e0 Roullet vers Angouleme en Charente\" \/>\n<meta property=\"og:description\" content=\"Le temps d&#039;un week-end en amoureux, d\u00e9couvrez tout le charme et la douceur de notre maison.\" \/>\n<meta property=\"og:url\" content=\"https:\/\/hotel-vieille-etable.com\/sejours.html\" \/>\n<meta property=\"og:site_name\" content=\"No Blog Title Set\" \/>\n<meta property=\"article:modified_time\" content=\"2025-07-21T17:02:58+00:00\" \/>\n<meta name=\"twitter:card\" content=\"summary_large_image\" \/>\n<meta name=\"twitter:label1\" content=\"Est. reading time\" \/>\n\t<meta name=\"twitter:data1\" content=\"2 minutes\" \/>\n<script type=\"application\/ld+json\" class=\"yoast-schema-graph\">{\"@context\":\"https:\/\/schema.org\",\"@graph\":[{\"@type\":\"WebPage\",\"@id\":\"https:\/\/hotel-vieille-etable.com\/sejours.html\",\"url\":\"https:\/\/hotel-vieille-etable.com\/sejours.html\",\"name\":\"Les s\u00e9jours de La Vieille Etable - Hotel Restaurant \\\"La Vieille Etable\\\" \u00e0 Roullet vers Angouleme en Charente\",\"isPartOf\":{\"@id\":\"https:\/\/hotel-vieille-etable.com\/#website\"},\"datePublished\":\"2025-07-21T17:02:49+00:00\",\"dateModified\":\"2025-07-21T17:02:58+00:00\",\"description\":\"Le temps d'un week-end en amoureux, d\u00e9couvrez tout le charme et la douceur de notre maison.\",\"breadcrumb\":{\"@id\":\"https:\/\/hotel-vieille-etable.com\/sejours.html#breadcrumb\"},\"inLanguage\":\"en-US\",\"potentialAction\":[{\"@type\":\"ReadAction\",\"target\":[\"https:\/\/hotel-vieille-etable.com\/sejours.html\"]}]},{\"@type\":\"BreadcrumbList\",\"@id\":\"https:\/\/hotel-vieille-etable.com\/sejours.html#breadcrumb\",\"itemListElement\":[{\"@type\":\"ListItem\",\"position\":1,\"name\":\"Home\",\"item\":\"https:\/\/hotel-vieille-etable.com\/\"},{\"@type\":\"ListItem\",\"position\":2,\"name\":\"Les s\u00e9jours de La Vieille Etable\"}]},{\"@type\":\"WebSite\",\"@id\":\"https:\/\/hotel-vieille-etable.com\/#website\",\"url\":\"https:\/\/hotel-vieille-etable.com\/\",\"name\":\"No Blog Title Set\",\"description\":\"\",\"publisher\":{\"@id\":\"https:\/\/hotel-vieille-etable.com\/#organization\"},\"potentialAction\":[{\"@type\":\"SearchAction\",\"target\":{\"@type\":\"EntryPoint\",\"urlTemplate\":\"https:\/\/hotel-vieille-etable.com\/?s={search_term_string}\"},\"query-input\":{\"@type\":\"PropertyValueSpecification\",\"valueRequired\":true,\"valueName\":\"search_term_string\"}}],\"inLanguage\":\"en-US\"},{\"@type\":\"Organization\",\"@id\":\"https:\/\/hotel-vieille-etable.com\/#organization\",\"name\":\"No Blog Title Set\",\"url\":\"https:\/\/hotel-vieille-etable.com\/\",\"logo\":{\"@type\":\"ImageObject\",\"inLanguage\":\"en-US\",\"@id\":\"https:\/\/hotel-vieille-etable.com\/#\/schema\/logo\/image\/\",\"url\":\"https:\/\/hotel-vieille-etable.com\/wp-content\/uploads\/2025\/07\/0aabe000-f0a0-4dc9-996b-b842cd0b6d07_removalai_preview.png\",\"contentUrl\":\"https:\/\/hotel-vieille-etable.com\/wp-content\/uploads\/2025\/07\/0aabe000-f0a0-4dc9-996b-b842cd0b6d07_removalai_preview.png\",\"width\":227,\"height\":72,\"caption\":\"No Blog Title Set\"},\"image\":{\"@id\":\"https:\/\/hotel-vieille-etable.com\/#\/schema\/logo\/image\/\"}}]}<\/script>\n<!-- \/ Yoast SEO plugin. -->","yoast_head_json":{"title":"Les s\u00e9jours de La Vieille Etable - Hotel Restaurant \"La Vieille Etable\" \u00e0 Roullet vers Angouleme en Charente","description":"Le temps d'un week-end en amoureux, d\u00e9couvrez tout le charme et la douceur de notre maison.","robots":{"index":"index","follow":"follow","max-snippet":"max-snippet:-1","max-image-preview":"max-image-preview:large","max-video-preview":"max-video-preview:-1"},"canonical":"https:\/\/hotel-vieille-etable.com\/sejours.html","og_locale":"en_US","og_type":"article","og_title":"Les s\u00e9jours de La Vieille Etable - Hotel Restaurant \"La Vieille Etable\" \u00e0 Roullet vers Angouleme en Charente","og_description":"Le temps d'un week-end en amoureux, d\u00e9couvrez tout le charme et la douceur de notre maison.","og_url":"https:\/\/hotel-vieille-etable.com\/sejours.html","og_site_name":"No Blog Title Set","article_modified_time":"2025-07-21T17:02:58+00:00","twitter_card":"summary_large_image","twitter_misc":{"Est. reading time":"2 minutes"},"schema":{"@context":"https:\/\/schema.org","@graph":[{"@type":"WebPage","@id":"https:\/\/hotel-vieille-etable.com\/sejours.html","url":"https:\/\/hotel-vieille-etable.com\/sejours.html","name":"Les s\u00e9jours de La Vieille Etable - Hotel Restaurant \"La Vieille Etable\" \u00e0 Roullet vers Angouleme en Charente","isPartOf":{"@id":"https:\/\/hotel-vieille-etable.com\/#website"},"datePublished":"2025-07-21T17:02:49+00:00","dateModified":"2025-07-21T17:02:58+00:00","description":"Le temps d'un week-end en amoureux, d\u00e9couvrez tout le charme et la douceur de notre maison.","breadcrumb":{"@id":"https:\/\/hotel-vieille-etable.com\/sejours.html#breadcrumb"},"inLanguage":"en-US","potentialAction":[{"@type":"ReadAction","target":["https:\/\/hotel-vieille-etable.com\/sejours.html"]}]},{"@type":"BreadcrumbList","@id":"https:\/\/hotel-vieille-etable.com\/sejours.html#breadcrumb","itemListElement":[{"@type":"ListItem","position":1,"name":"Home","item":"https:\/\/hotel-vieille-etable.com\/"},{"@type":"ListItem","position":2,"name":"Les s\u00e9jours de La Vieille Etable"}]},{"@type":"WebSite","@id":"https:\/\/hotel-vieille-etable.com\/#website","url":"https:\/\/hotel-vieille-etable.com\/","name":"No Blog Title Set","description":"","publisher":{"@id":"https:\/\/hotel-vieille-etable.com\/#organization"},"potentialAction":[{"@type":"SearchAction","target":{"@type":"EntryPoint","urlTemplate":"https:\/\/hotel-vieille-etable.com\/?s={search_term_string}"},"query-input":{"@type":"PropertyValueSpecification","valueRequired":true,"valueName":"search_term_string"}}],"inLanguage":"en-US"},{"@type":"Organization","@id":"https:\/\/hotel-vieille-etable.com\/#organization","name":"No Blog Title Set","url":"https:\/\/hotel-vieille-etable.com\/","logo":{"@type":"ImageObject","inLanguage":"en-US","@id":"https:\/\/hotel-vieille-etable.com\/#\/schema\/logo\/image\/","url":"https:\/\/hotel-vieille-etable.com\/wp-content\/uploads\/2025\/07\/0aabe000-f0a0-4dc9-996b-b842cd0b6d07_removalai_preview.png","contentUrl":"https:\/\/hotel-vieille-etable.com\/wp-content\/uploads\/2025\/07\/0aabe000-f0a0-4dc9-996b-b842cd0b6d07_removalai_preview.png","width":227,"height":72,"caption":"No Blog Title Set"},"image":{"@id":"https:\/\/hotel-vieille-etable.com\/#\/schema\/logo\/image\/"}}]}},"_links":{"self":[{"href":"https:\/\/hotel-vieille-etable.com\/index.php\/wp-json\/wp\/v2\/pages\/70","targetHints":{"allow":["GET"]}}],"collection":[{"href":"https:\/\/hotel-vieille-etable.com\/index.php\/wp-json\/wp\/v2\/pages"}],"about":[{"href":"https:\/\/hotel-vieille-etable.com\/index.php\/wp-json\/wp\/v2\/types\/page"}],"author":[{"embeddable":true,"href":"https:\/\/hotel-vieille-etable.com\/index.php\/wp-json\/wp\/v2\/users\/1"}],"replies":[{"embeddable":true,"href":"https:\/\/hotel-vieille-etable.com\/index.php\/wp-json\/wp\/v2\/comments?post=70"}],"version-history":[{"count":1,"href":"https:\/\/hotel-vieille-etable.com\/index.php\/wp-json\/wp\/v2\/pages\/70\/revisions"}],"predecessor-version":[{"id":71,"href":"https:\/\/hotel-vieille-etable.com\/index.php\/wp-json\/wp\/v2\/pages\/70\/revisions\/71"}],"wp:attachment":[{"href":"https:\/\/hotel-vieille-etable.com\/index.php\/wp-json\/wp\/v2\/media?parent=70"}],"curies":[{"name":"wp","href":"https:\/\/api.w.org\/{rel}","templated":true}]}}