{"id":46,"date":"2025-07-21T16:43:29","date_gmt":"2025-07-21T16:43:29","guid":{"rendered":"https:\/\/hotel-vieille-etable.com\/?page_id=46"},"modified":"2025-07-21T16:50:50","modified_gmt":"2025-07-21T16:50:50","slug":"liens-partenaires","status":"publish","type":"page","link":"https:\/\/hotel-vieille-etable.com\/liens.html","title":{"rendered":"Liens Partenaires"},"content":{"rendered":"\n<p><strong>Nos partenaires, nos amis et des bonnes adresses :<\/strong><\/p>\n\n\n\n<div class=\"wp-block-columns is-layout-flex wp-container-core-columns-is-layout-28f84493 wp-block-columns-is-layout-flex\">\n<div class=\"wp-block-column is-layout-flow wp-block-column-is-layout-flow\">\n<figure class=\"wp-block-image size-full\"><img loading=\"lazy\" decoding=\"async\" width=\"109\" height=\"102\" src=\"https:\/\/hotel-vieille-etable.com\/wp-content\/uploads\/2025\/07\/home_0_04_01.jpg\" alt=\"hotel-vieille-etable\" class=\"wp-image-51\"\/><\/figure>\n<\/div>\n\n\n\n<div class=\"wp-block-column is-layout-flow wp-block-column-is-layout-flow\">\n<figure class=\"wp-block-image size-full\"><img loading=\"lazy\" decoding=\"async\" width=\"125\" height=\"116\" src=\"https:\/\/hotel-vieille-etable.com\/wp-content\/uploads\/2025\/07\/logo-maitre-restaurateur-150.jpg\" alt=\"hotel-vieille-etable\" class=\"wp-image-53\"\/><\/figure>\n<\/div>\n\n\n\n<div class=\"wp-block-column is-layout-flow wp-block-column-is-layout-flow\">\n<figure class=\"wp-block-image size-full\"><img loading=\"lazy\" decoding=\"async\" width=\"155\" height=\"105\" src=\"https:\/\/hotel-vieille-etable.com\/wp-content\/uploads\/2025\/07\/p007_1_00-1.jpg\" alt=\"hotel-vieille-etable\" class=\"wp-image-54\"\/><\/figure>\n<\/div>\n<\/div>\n\n\n\n<p>Un Animateur et Magicien anime tous vos \u00e9v\u00e8nements familiaux et professionnels :<\/p>\n\n\n\n<p>St\u00e9phane CABANNES Magicien &#8211; T\u00e9l.: 06.12.68.21.10 <\/p>\n\n\n\n<p>Un Animateur-DJ : Alain SANDRAT &#8211; T\u00e9l.: 06.07.39.00.08 <\/p>\n\n\n\n<p>Un Taxi pour vous transporter dans les meilleures conditions de confort et de bien-\u00eatre :<br>M. Laurent DEMAY &#8211; 06.79.30.05.10 ou lademay@wanadoo.fr<\/p>\n","protected":false},"excerpt":{"rendered":"<p>Nos partenaires, nos amis et des bonnes adresses : Un Animateur et Magicien anime tous vos \u00e9v\u00e8nements familiaux et professionnels : St\u00e9phane CABANNES Magicien &#8211; T\u00e9l.: 06.12.68.21.10 Un Animateur-DJ : Alain SANDRAT &#8211; T\u00e9l.: 06.07.39.00.08 Un Taxi pour vous transporter dans les meilleures conditions de confort et de bien-\u00eatre :M. Laurent DEMAY &#8211; 06.79.30.05.10 ou [&hellip;]<\/p>\n","protected":false},"author":1,"featured_media":0,"parent":0,"menu_order":0,"comment_status":"closed","ping_status":"closed","template":"","meta":{"footnotes":""},"class_list":["post-46","page","type-page","status-publish","hentry"],"yoast_head":"<!-- This site is optimized with the Yoast SEO plugin v25.6 - https:\/\/yoast.com\/wordpress\/plugins\/seo\/ -->\n<title>Liens de La Vieille Etable - Hotel Restaurant La Vieille Etable<\/title>\n<meta name=\"description\" content=\"Liens des prestataires de La Vieille Etable\" \/>\n<meta name=\"robots\" content=\"index, follow, max-snippet:-1, max-image-preview:large, max-video-preview:-1\" \/>\n<link rel=\"canonical\" href=\"https:\/\/hotel-vieille-etable.com\/liens.html\" \/>\n<meta property=\"og:locale\" content=\"en_US\" \/>\n<meta property=\"og:type\" content=\"article\" \/>\n<meta property=\"og:title\" content=\"Liens de La Vieille Etable - Hotel Restaurant La Vieille Etable\" \/>\n<meta property=\"og:description\" content=\"Liens des prestataires de La Vieille Etable\" \/>\n<meta property=\"og:url\" content=\"https:\/\/hotel-vieille-etable.com\/liens.html\" \/>\n<meta property=\"og:site_name\" content=\"No Blog Title Set\" \/>\n<meta property=\"article:modified_time\" content=\"2025-07-21T16:50:50+00:00\" \/>\n<meta property=\"og:image\" content=\"https:\/\/hotel-vieille-etable.com\/wp-content\/uploads\/2025\/07\/home_0_04_01.jpg\" \/>\n\t<meta property=\"og:image:width\" content=\"109\" \/>\n\t<meta property=\"og:image:height\" content=\"102\" \/>\n\t<meta property=\"og:image:type\" content=\"image\/jpeg\" \/>\n<meta name=\"twitter:card\" content=\"summary_large_image\" \/>\n<meta name=\"twitter:label1\" content=\"Est. reading time\" \/>\n\t<meta name=\"twitter:data1\" content=\"1 minute\" \/>\n<script type=\"application\/ld+json\" class=\"yoast-schema-graph\">{\"@context\":\"https:\/\/schema.org\",\"@graph\":[{\"@type\":\"WebPage\",\"@id\":\"https:\/\/hotel-vieille-etable.com\/liens.html\",\"url\":\"https:\/\/hotel-vieille-etable.com\/liens.html\",\"name\":\"Liens de La Vieille Etable - Hotel Restaurant La Vieille Etable\",\"isPartOf\":{\"@id\":\"https:\/\/hotel-vieille-etable.com\/#website\"},\"primaryImageOfPage\":{\"@id\":\"https:\/\/hotel-vieille-etable.com\/liens.html#primaryimage\"},\"image\":{\"@id\":\"https:\/\/hotel-vieille-etable.com\/liens.html#primaryimage\"},\"thumbnailUrl\":\"https:\/\/hotel-vieille-etable.com\/wp-content\/uploads\/2025\/07\/home_0_04_01.jpg\",\"datePublished\":\"2025-07-21T16:43:29+00:00\",\"dateModified\":\"2025-07-21T16:50:50+00:00\",\"description\":\"Liens des prestataires de La Vieille Etable\",\"breadcrumb\":{\"@id\":\"https:\/\/hotel-vieille-etable.com\/liens.html#breadcrumb\"},\"inLanguage\":\"en-US\",\"potentialAction\":[{\"@type\":\"ReadAction\",\"target\":[\"https:\/\/hotel-vieille-etable.com\/liens.html\"]}]},{\"@type\":\"ImageObject\",\"inLanguage\":\"en-US\",\"@id\":\"https:\/\/hotel-vieille-etable.com\/liens.html#primaryimage\",\"url\":\"https:\/\/hotel-vieille-etable.com\/wp-content\/uploads\/2025\/07\/home_0_04_01.jpg\",\"contentUrl\":\"https:\/\/hotel-vieille-etable.com\/wp-content\/uploads\/2025\/07\/home_0_04_01.jpg\",\"width\":109,\"height\":102},{\"@type\":\"BreadcrumbList\",\"@id\":\"https:\/\/hotel-vieille-etable.com\/liens.html#breadcrumb\",\"itemListElement\":[{\"@type\":\"ListItem\",\"position\":1,\"name\":\"Home\",\"item\":\"https:\/\/hotel-vieille-etable.com\/\"},{\"@type\":\"ListItem\",\"position\":2,\"name\":\"Liens Partenaires\"}]},{\"@type\":\"WebSite\",\"@id\":\"https:\/\/hotel-vieille-etable.com\/#website\",\"url\":\"https:\/\/hotel-vieille-etable.com\/\",\"name\":\"No Blog Title Set\",\"description\":\"\",\"publisher\":{\"@id\":\"https:\/\/hotel-vieille-etable.com\/#organization\"},\"potentialAction\":[{\"@type\":\"SearchAction\",\"target\":{\"@type\":\"EntryPoint\",\"urlTemplate\":\"https:\/\/hotel-vieille-etable.com\/?s={search_term_string}\"},\"query-input\":{\"@type\":\"PropertyValueSpecification\",\"valueRequired\":true,\"valueName\":\"search_term_string\"}}],\"inLanguage\":\"en-US\"},{\"@type\":\"Organization\",\"@id\":\"https:\/\/hotel-vieille-etable.com\/#organization\",\"name\":\"No Blog Title Set\",\"url\":\"https:\/\/hotel-vieille-etable.com\/\",\"logo\":{\"@type\":\"ImageObject\",\"inLanguage\":\"en-US\",\"@id\":\"https:\/\/hotel-vieille-etable.com\/#\/schema\/logo\/image\/\",\"url\":\"https:\/\/hotel-vieille-etable.com\/wp-content\/uploads\/2025\/07\/0aabe000-f0a0-4dc9-996b-b842cd0b6d07_removalai_preview.png\",\"contentUrl\":\"https:\/\/hotel-vieille-etable.com\/wp-content\/uploads\/2025\/07\/0aabe000-f0a0-4dc9-996b-b842cd0b6d07_removalai_preview.png\",\"width\":227,\"height\":72,\"caption\":\"No Blog Title Set\"},\"image\":{\"@id\":\"https:\/\/hotel-vieille-etable.com\/#\/schema\/logo\/image\/\"}}]}<\/script>\n<!-- \/ Yoast SEO plugin. -->","yoast_head_json":{"title":"Liens de La Vieille Etable - Hotel Restaurant La Vieille Etable","description":"Liens des prestataires de La Vieille Etable","robots":{"index":"index","follow":"follow","max-snippet":"max-snippet:-1","max-image-preview":"max-image-preview:large","max-video-preview":"max-video-preview:-1"},"canonical":"https:\/\/hotel-vieille-etable.com\/liens.html","og_locale":"en_US","og_type":"article","og_title":"Liens de La Vieille Etable - Hotel Restaurant La Vieille Etable","og_description":"Liens des prestataires de La Vieille Etable","og_url":"https:\/\/hotel-vieille-etable.com\/liens.html","og_site_name":"No Blog Title Set","article_modified_time":"2025-07-21T16:50:50+00:00","og_image":[{"width":109,"height":102,"url":"https:\/\/hotel-vieille-etable.com\/wp-content\/uploads\/2025\/07\/home_0_04_01.jpg","type":"image\/jpeg"}],"twitter_card":"summary_large_image","twitter_misc":{"Est. reading time":"1 minute"},"schema":{"@context":"https:\/\/schema.org","@graph":[{"@type":"WebPage","@id":"https:\/\/hotel-vieille-etable.com\/liens.html","url":"https:\/\/hotel-vieille-etable.com\/liens.html","name":"Liens de La Vieille Etable - Hotel Restaurant La Vieille Etable","isPartOf":{"@id":"https:\/\/hotel-vieille-etable.com\/#website"},"primaryImageOfPage":{"@id":"https:\/\/hotel-vieille-etable.com\/liens.html#primaryimage"},"image":{"@id":"https:\/\/hotel-vieille-etable.com\/liens.html#primaryimage"},"thumbnailUrl":"https:\/\/hotel-vieille-etable.com\/wp-content\/uploads\/2025\/07\/home_0_04_01.jpg","datePublished":"2025-07-21T16:43:29+00:00","dateModified":"2025-07-21T16:50:50+00:00","description":"Liens des prestataires de La Vieille Etable","breadcrumb":{"@id":"https:\/\/hotel-vieille-etable.com\/liens.html#breadcrumb"},"inLanguage":"en-US","potentialAction":[{"@type":"ReadAction","target":["https:\/\/hotel-vieille-etable.com\/liens.html"]}]},{"@type":"ImageObject","inLanguage":"en-US","@id":"https:\/\/hotel-vieille-etable.com\/liens.html#primaryimage","url":"https:\/\/hotel-vieille-etable.com\/wp-content\/uploads\/2025\/07\/home_0_04_01.jpg","contentUrl":"https:\/\/hotel-vieille-etable.com\/wp-content\/uploads\/2025\/07\/home_0_04_01.jpg","width":109,"height":102},{"@type":"BreadcrumbList","@id":"https:\/\/hotel-vieille-etable.com\/liens.html#breadcrumb","itemListElement":[{"@type":"ListItem","position":1,"name":"Home","item":"https:\/\/hotel-vieille-etable.com\/"},{"@type":"ListItem","position":2,"name":"Liens Partenaires"}]},{"@type":"WebSite","@id":"https:\/\/hotel-vieille-etable.com\/#website","url":"https:\/\/hotel-vieille-etable.com\/","name":"No Blog Title Set","description":"","publisher":{"@id":"https:\/\/hotel-vieille-etable.com\/#organization"},"potentialAction":[{"@type":"SearchAction","target":{"@type":"EntryPoint","urlTemplate":"https:\/\/hotel-vieille-etable.com\/?s={search_term_string}"},"query-input":{"@type":"PropertyValueSpecification","valueRequired":true,"valueName":"search_term_string"}}],"inLanguage":"en-US"},{"@type":"Organization","@id":"https:\/\/hotel-vieille-etable.com\/#organization","name":"No Blog Title Set","url":"https:\/\/hotel-vieille-etable.com\/","logo":{"@type":"ImageObject","inLanguage":"en-US","@id":"https:\/\/hotel-vieille-etable.com\/#\/schema\/logo\/image\/","url":"https:\/\/hotel-vieille-etable.com\/wp-content\/uploads\/2025\/07\/0aabe000-f0a0-4dc9-996b-b842cd0b6d07_removalai_preview.png","contentUrl":"https:\/\/hotel-vieille-etable.com\/wp-content\/uploads\/2025\/07\/0aabe000-f0a0-4dc9-996b-b842cd0b6d07_removalai_preview.png","width":227,"height":72,"caption":"No Blog Title Set"},"image":{"@id":"https:\/\/hotel-vieille-etable.com\/#\/schema\/logo\/image\/"}}]}},"_links":{"self":[{"href":"https:\/\/hotel-vieille-etable.com\/index.php\/wp-json\/wp\/v2\/pages\/46","targetHints":{"allow":["GET"]}}],"collection":[{"href":"https:\/\/hotel-vieille-etable.com\/index.php\/wp-json\/wp\/v2\/pages"}],"about":[{"href":"https:\/\/hotel-vieille-etable.com\/index.php\/wp-json\/wp\/v2\/types\/page"}],"author":[{"embeddable":true,"href":"https:\/\/hotel-vieille-etable.com\/index.php\/wp-json\/wp\/v2\/users\/1"}],"replies":[{"embeddable":true,"href":"https:\/\/hotel-vieille-etable.com\/index.php\/wp-json\/wp\/v2\/comments?post=46"}],"version-history":[{"count":3,"href":"https:\/\/hotel-vieille-etable.com\/index.php\/wp-json\/wp\/v2\/pages\/46\/revisions"}],"predecessor-version":[{"id":55,"href":"https:\/\/hotel-vieille-etable.com\/index.php\/wp-json\/wp\/v2\/pages\/46\/revisions\/55"}],"wp:attachment":[{"href":"https:\/\/hotel-vieille-etable.com\/index.php\/wp-json\/wp\/v2\/media?parent=46"}],"curies":[{"name":"wp","href":"https:\/\/api.w.org\/{rel}","templated":true}]}}